 5*g - 2. Let n(j) = u*h(j) - 34*o(j). Calculate n(2).
2
Let d(j) = -27*j - 9. Let o(h) = h. Let l(m) = -d(m) - 18*o(m). Let y(i) = 2*i - 14 - 6*i - 10*i. Let n(q) = -8*l(q) - 5*y(q). Calculate n(3).
-8
Suppose -6 = -2*y + 38. Suppose 2*a + 4*z = 4*a - 20, 5*z = a - y. Let p(g) = 21*g**2 + 0*g - 15*g**a + g. Determine p(-1).
5
Suppose u - 30 = -4*u. Let b(x) = x**3 - 5*x**2 - 6*x - 1. What is b(u)?
-1
Let l(z) = z**3 + 5*z**2 + 6*z + 6. Suppose c + 5*i - 22 = 0, -c + 5*i - i = 14. Suppose -c*d = 3*d - 20. Suppose 2*h + 4 = -d. Determine l(h).
-2
Let w = -3 - 0. Let d be (w + -3)*3/(-6). Let k(m) = -m**3 + 2*m**2 + 4. What is k(d)?
-5
Let k(g) = -8*g - 1. Let t(a) = -a - 1. Let c = -9 - -7. Let p be t(c). Let n be (-3 - 1) + p + 2. What is k(n)?
7
Let m(a) = -2*a**2 + 4*a + 3. Let w(r) = -r**2 + 21*r + 26. Let z be w(22). Give m(z).
-13
Let z be 10/(-6)*(-12)/10. Let i(g) = -g + 2. Let d be i(2). Let q(y) = z*y**2 + d*y**2 - 3*y**2. Give q(2).
-4
Let m be (2*2/(-4))/1. Let l(n) = -5*n**3 - 2*n**2 - n. Calculate l(m).
4
Let r(s) = -s**2 - 3*s - 1. Let m be r(-2). Let w(i) = -1 + m - 6 + 2*i. Let n(b) = 18*b**2 - 14*b + 1. Let q be n(1). Give w(q).
4
Let j(w) = -3*w**3 + 3*w**2 + 6*w + 7. Let i(p) = 4*p**3 - 5*p**2 - 9*p - 10. Let o(d) = -5*i(d) - 7*j(d). Let z = 10 + -8. Suppose z*n = -2 - 2. Give o(n).
3
Let l(o) be the second derivative of o**3/6 - o**2/2 - 4*o. Let j be l(5). Let b(u) = u**2 - 4*u + 4. Determine b(j).
4
Let u(p) = -12*p**3 - p**2 + p. Let b be (2 - 6 - -1)/(4 + -7). Give u(b).
-12
Let n be 6/8*2*-2. Let k(z) = 2*z - 1. Give k(n).
-7
Let s(p) be the second derivative of p**4/6 - 8*p. Determine s(-1).
2
Let i(q) = -5*q - 2. Suppose 10*t - 6*t + 12 = 0. Give i(t).
13
Let z = 18 - 6. Suppose -4*h = -0*h - z. Suppose h*y - t = 2, t - 20 = -2*y - 3*t. Let j(a) = a**3 - 2*a**2 + a + 1. Give j(y).
3
Suppose 3*o - 14 = 1. Let i = o - 3. Let l(v) = v. Calculate l(i).
2
Let n(o) be the third derivative of o**7/5040 + o**6/360 + o**5/60 + o**2. Let y(c) be the third derivative of n(c). Let f = 10 + -15. Calculate y(f).
-3
Let j(x) = -x**3 - 4*x**2 + 6*x + 4. Let r be (-35)/21 + (-1)/3. Let l be -1 - -1 - 1*2. Let p be l*(25/r)/(-5). What is j(p)?
-1
Let o(f) = 2*f - 1. Suppose -9 = -3*b, 3 - 14 = 5*w + 3*b. What is o(w)?
-9
Let d(g) = 0 + g - g**2 + 6 - 4. Let c = 14 - 1. Let z = c - 9. Give d(z).
-10
Suppose 4*s = -b + 18, -2*s = 3*b - 17 - 7. Let w(z) = -2*z**2 + 8*z + 1. Give w(b).
-23
Let l(j) = j**2 + 2*j. Let o be -2 - (-1 - 1) - -2. Let f(i) = -i**2 - i + 3. Let y be f(0). Suppose -o*g + g = y. What is l(g)?
3
Let f(u) be the third derivative of u**6/120 + u**5/12 - 7*u**4/24 - u**3 + 11*u**2. Suppose 18 = 3*n - 6*n. Determine f(n).
0
Let m = -10 + 6. Let l = 18 - 16. Let a(i) = 2*i + 4*i**2 - i**2 - 2 - l*i**2. Calculate a(m).
6
Suppose 0 = 3*w - 18 + 6. Let q(h) = 2 - 2 - h**2 + 1 - w*h. Suppose -r = 4*v + 7, 4*r - 24 = 2*v + 2. What is q(v)?
4
Suppose -14 = -m - m + q, 3*m - 7 = -2*q. Let c(o) = -51*o - m + 52*o + 0*o**2 + o**3 - 7*o**2. Give c(7).
2
Let b = 40 - 41. Let i(k) be the second derivative of -k**4/3 + k**2/2 - k. Determine i(b).
-3
Let n(p) = -p**2 - 3*p - 6. Let g be (-2*1/(-3))/((-25)/150). Calculate n(g).
-10
Suppose -c + 5*p = 3, -4*p + 3*p + 3 = -c. Let n be (-1)/(0 + c/3). Let t(o) = -5*o**2 - 6*o + o**2 - n + 5*o**2. What is t(5)?
-6
Let r(w) be the first derivative of w**4/24 - w**3/6 - w**2/2 + 3. Let f(h) be the second derivative of r(h). Let i = -9 + 13. Determine f(i).
3
Let x be 3 + 4 + -2 + -4. Let i(d) = -d + 2*d - 2*d + x - 5. Calculate i(-4).
0
Let g(v) = 4 + 6*v + v**2 - v - 1. What is g(-5)?
3
Let b(g) = g + 10. Suppose -17 = 4*w + 7. Calculate b(w).
4
Let g(x) be the first derivative of x**3/3 + 5*x**2/2 + 6*x + 2. Let u(w) = 2*w**2 + 5*w + 3. Let s be u(-3). Let z be (-26)/4 - s/(-4). Determine g(z).
6
Let f(j) be the third derivative of -j**5/60 - j**4/8 - j**3/3 + 6*j**2. What is f(-5)?
-12
Let c(q) be the second derivative of -q**5/20 - q**4/4 + 2*q**3/3 - 5*q**2/2 + 2*q. Let p be 17/(-4) - (-5)/20. Calculate c(p).
-5
Let k(w) = -w**3 - w + 12. Let x = -53 + 53. Determine k(x).
12
Let n = 7 + -10. Let h(y) = -y. Let q be h(n). Let t(w) be the first derivative of w**3/3 - w**2/2 - 4*w - 1. Calculate t(q).
2
Let w = 1 - -2. Let u(o) = -2*o**2 - o + 2. What is u(w)?
-19
Suppose -4*u - 44 = -2*a, 2*u + 20 = -2*u. Suppose -12 = 4*s - s - 3*g, -3*s - 5*g + a = 0. Let n(y) = -3*y + y - 5*y. What is n(s)?
7
Let t(g) be the first derivative of -2*g**2 - 2*g + 3. Give t(-2).
6
Suppose -2 = -3*g + 2*z - 4, -10 = 3*g - 4*z. Let i(m) = -m. Let x(a) = -5*a. Let n(t) = 4*i(t) - x(t). Calculate n(g).
2
Let m(a) be the third derivative of -2*a**2 - 1/6*a**5 + 0*a + 0 - 1/24*a**4 + 0*a**3. Give m(-1).
-9
Let n(u) be the first derivative of 3/2*u**2 - 2*u + 1 - 1/3*u**3. Suppose -2*t + w = -t - 1, -5*t - 5*w = -15. Calculate n(t).
0
Let x(s) = 5*s - 8. Let a(z) = -6*z + 8. Let q(u) = -2*a(u) - 3*x(u). What is q(6)?
-10
Let l(g) = -3*g + 13. Let u be l(9). Let v = -7 - u. Let o(j) = j**2 - 6*j - 10. Let c be o(v). Let i(r) = 2*r. Calculate i(c).
-6
Let w(d) be the first derivative of d**2 - d - 6. Give w(6).
11
Let d(w) be the second derivative of -w**4/12 - w**3/2 + 3*w**2/2 + w. Let n(o) = o - 6. Let f be n(3). What is d(f)?
3
Let l(o) = 2*o + 5. Let h(b) = -2*b - 4. Let x(r) = -2*h(r) - 3*l(r). Let j be x(-6). Suppose -3 = 2*i - j*i. Let s(f) = -f**2 + 2*f - 1. What is s(i)?
0
Let h(n) = -n - 8. Let r = 18 - 13. Suppose -r*z + z = -28. Suppose -k - z*b - 9 = -3*b, -4*b - 19 = 3*k. What is h(k)?
-3
Let r be (1 - 5)*(-28)/16. Let m(z) = 2*z - 9. Let g be m(r). Suppose -5*u + g*l = -15, -2*l + 12 = -3*u - 6*l. Let n(h) = -h**3 + h**2 + h + 1. What is n(u)?
1
Let o(n) be the first derivative of 3*n**2/2 + n - 29. Give o(-4).
-11
Let t(r) = -r + 8. Let x(a) = -2*a + 17. Let h(l) = -7*t(l) + 3*x(l). Suppose 9 - 11 = 2*k - 4*s, 32 = 4*k + 4*s. Give h(k).
0
Let z(s) = s**2 - 11*s + 26. Let y be z(6). Let q(w) = w**3 + 4*w**2 - 2*w. Determine q(y).
8
Let c(p) = 28*p - 2. Let a(o) = 10*o - 1. Let v(i) = -17*a(i) + 6*c(i). Suppose 6 = n - 0*n. Determine v(n).
-7
Let i(l) = 3*l - 42. Let o(d) = -d + 12. Let t(f) = 5*i(f) + 18*o(f). Determine t(4).
-6
Suppose 5*q + 5*g + 17 + 3 = 0, g = -3*q - 16. Let o(y) = -y**3 - 5*y**2 + 7*y + 7. Determine o(q).
1
Let h be ((-21)/12)/((-2)/(-8)). Let u(a) be the second derivative of -a**5/20 - 2*a**4/3 - 4*a**3/3 - a**2/2 - 57*a. Give u(h).
6
Let q be (-2)/6 - 130/(-30). Let p(v) = v - 6. What is p(q)?
-2
Suppose 4*c - 7 = 5. Let w(z) = -15 + 15 + 0*z - c*z. Give w(-2).
6
Let n(u) = u**2 - 5*u + 4. Suppose 7 = 2*a - a. Suppose -3 - a = 5*t. Let f = 6 + t. What is n(f)?
0
Let d(p) = p**2 - 2. Suppose 2*b - 58 = 3*w, -79 - 1 = 5*w + 5*b. Let t be ((-24)/w)/((-4)/(-6)). Give d(t).
2
Suppose -2*b - 8 = 4. Let q(r) = -5*r**3 + 13*r**2 + 11*r - 13. Let f(x) = -x**3 + x**2 + x - 1. Let u(a) = 6*f(a) - q(a). What is u(b)?
1
Let n(d) = -4*d**2 + 3*d**2 + 1 + 6*d - 2*d. Give n(6).
-11
Let x(y) = -2*y**2 + 5*y - 23. Let m(c) = -c**2 + 2*c - 12. Let d(p) = -5*m(p) + 3*x(p). Give d(6).
-15
Let y(k) = k**3 - 6*k**2 - k - 2. Suppose -2*s = b + 1 - 9, 2*b - 2*s - 10 = 0. Determine y(b).
-8
Let z = 31 + -52. Let t = -15 - z. Let m(a) = a**2 - 3*a - 1. Calculate m(t).
17
Let q(k) = 3*k + 1. Let z(r) = 6 - 5 + 0 + r. Let g be z(1). What is q(g)?
7
Let c(o) = 2*o**2 + 5*o - o**2 - o**2 + 6 - o**2. Determine c(5).
6
Let d(t) = t**2 - 7*t - 5. Suppose 4 = -r, 0*y = -2*y + 3*r + 18. Suppose -4*c - 17 = -y*u, 4*u + 3*c - 28 - 3 = 0. What is d(u)?
-5
Let i(w) = 0*w**2 - 14 + 6*w**2 + 0*w**2 + 20*w**3 - 11*w. Let u(g) = -7*g**3 - 2*g**2 + 4*g + 5. Let y = 40 + -29. Let t(d) = y*u(d) + 4*i(d). Determine t(-1).
-2
Let c(z) = -4*z - 1. Suppose 3*x + 3 = 3*b - 3, 4*b - 15 = -3*x. Suppose -10 = -2*s + b*l, -2*s = s - 4*l - 13. Give c(s).
3
Let i(o) be the third derivative of 0 + 2*o**2 - 1/24*o**4 - 2/3*o**3 + 0*o. Calculate i(-4).
0
Let f(n) = -n**2 + 5*n. Let z(l) = 3*l**2 - 11*l + 1. Let o(v) = -5*f(v) - 2*z(v). Determine o(-3).
-2
Suppose 5*o = 3*o + 6. Suppose 0 = -n - n - 10, -4*h = -o*n - 11. Let f(a) = -8*a**3 + 2*a**2 + a. Give f(h).
9
Let y(j) be the second derivative of -j**6/12 - j**5/30 - j**4/24 